t d be 18/(-3)*2/(-4). Let s = 4 + -3. Let z = d - s. Let b(r) = -r**3 + 2*r**2 - r - 1. Determine b(z).
-3
Let d(y) = -y**3 - y**2 + y. Let f be d(0). Let z(p) = -3*p + 7. Let t(s) = -s + 1. Let g(o) = 2*t(o) - z(o). Calculate g(f).
-5
Let z(i) = -i + 1. Let v = -7 - -10. Suppose 0 = 4*q - 3*o - 5, -2*q = -v*q + o. Determine z(q).
-4
Let x be 1 + (-2)/(-2) - -1. Let c(i) be the first derivative of -i**4/4 + i**3 - i**2 + i - 16. What is c(x)?
-5
Let h = 0 + 3. Let s(g) = -3*g + 3*g**h + 2*g - g**2 - 4*g**3. Let p(q) = -3*q**3 + 2*q**2 - q - 5. Let z(x) = p(x) - 4*s(x). Determine z(-5).
5
Let p(b) = 1. Let c(a) = -a - 6. Let q(d) = 3*c(d) + 12*p(d). Calculate q(-4).
6
Let b(m) = 3*m + 7. Suppose 0 = -14*u + 12*u + 10. What is b(u)?
22
Let q(n) be the first derivative of -1 + 5/2*n**2 - n + 1/3*n**3. Determine q(-3).
-7
Suppose b + 5*g + 18 = 0, 0*b + 2*b + 8 = -3*g. Let r(c) = -2 - 10*c**3 - c**3 + 12*c**3 + c**b. Determine r(-2).
-6
Let x = -2 + 1. Let n(s) = 12 - 3 - 6*s - 10. Determine n(x).
5
Suppose 0*h + h - 5*r = 20, -5*r = -4*h + 20. Suppose 2 = z - 0*z - 2*j, -3 = -2*z + 5*j. Let q(b) = b**3 + b - 2*b - z - 4. Determine q(h).
-8
Let a(g) = -g**3 + 3*g**2 - 2*g. Let c = -10 - -22. Let k = 17 - c. Let o be (6/4)/(k/10). Give a(o).
-6
Let r = -5 - -5. Let c(h) = -1 + r*h**3 - h**2 - 5*h + 5 + h**3. Determine c(3).
7
Suppose -4*s = -2*u - 46, 3*s - 2*u - 27 = -3*u. Suppose -6 + s = 2*h. Let o(c) = 3*c - 1. What is o(h)?
5
Suppose 5*y - 10 = 0, -2*i - y - y = -12. Suppose -5*n = -n - i. Let a(u) = -12*u**2 - 2*u + 1. Calculate a(n).
-13
Let r = -1 - 0. Let n(a) be the second derivative of -a**3/2 + a**2/2 - 2*a. What is n(r)?
4
Let f(x) be the first derivative of -2 + x**3 + 0*x + 1/2*x**2. Determine f(1).
4
Let i = 6 - 3. Let s(d) = -d + 2*d - 12 - d**i + 1 - d**2. Give s(0).
-11
Let k(l) = 40*l + 12. Let v(p) = -16*p - 5. Let o(q) = -5*k(q) - 12*v(q). Let b = -1 - 2. Let z be b/(-4) + (-1)/(-4). What is o(z)?
-8
Suppose 2*m = -0 + 4. Let y(l) = -l**2 + m + 1 - 1 + 4*l. Let z = 4 - -1. Give y(z).
-3
Let y = -44 - -52. Let o(l) = -l**2 + 7*l - 3. What is o(y)?
-11
Let n(v) = v**2 - 6*v + 4. Let a = -3 + 8. Give n(a).
-1
Let x(t) = -t**3 + 1 - 4*t + 7*t**3 + 3*t + t**2 + 0*t. Calculate x(1).
7
Let c(n) = -3*n**2 - 2*n - 1. Let z(d) = d**3 - 7*d**2 + 6*d + 7. Let t be z(6). Let x = 5 - t. Determine c(x).
-9
Let i(j) = 5*j + 3. Suppose -3*h + 3*z + 3 = 0, -3*z = 9 - 0. Determine i(h).
-7
Suppose -9 = -2*u - 3*a, a = 5*u - 2*a + 9. Let d(l) be the second derivative of u - 3/2*l**2 + 1/6*l**3 + 4*l. What is d(4)?
1
Suppose -2*w - 3*f = 36, -45 = 3*w + 2*f - 1. Let u = w + 14. Let k(c) be the second derivative of -c**3/6 - c**2/2 - c. Give k(u).
-3
Let f(k) = -k**3 + 2*k**2 - 2*k + 1. Suppose -6*v + 10 = -v, v + 1 = 3*h. Let y be f(h). Let t(a) = -2*a - a**2 + 2*a + a + 5. Determine t(y).
5
Let h = -138 + 133. Let i(v) = 2*v**2 + 4*v - 6. Determine i(h).
24
Let v(d) be the first derivative of -d**4/4 - 2*d**3 - 5*d + 13. Give v(-6).
-5
Let j(u) be the second derivative of u**7/504 - u**6/360 - u**5/120 - 7*u**4/12 + 9*u. Let k(p) be the third derivative of j(p). Calculate k(-1).
6
Let t(c) be the first derivative of -c**5/20 + c**3/6 + c**2/2 + c + 2. Let w(a) be the first derivative of t(a). Calculate w(2).
-5
Let n(t) = -2*t - 19. Let f be n(-8). Let d(z) = -2*z + 1. Determine d(f).
7
Suppose 2*m + n - 6 = 0, 2*m + 3*n = -m + 12. Let q(o) = -4 - m*o + 9 - 5 - o**2. Give q(-2).
0
Let k(d) = -2*d**3 - 3*d**2 + d + 2. Let g be k(-2). Let y(o) = 2*o - 1. Let z be y(g). Let m = z + -4. Let x(i) = i + 1. Calculate x(m).
4
Suppose -2 - 4 = -2*a. Suppose -2*u + 4 = -0*u - 2*s, -a*u - 2*s = 14. Let g(w) = -2*w**2 + 2*w - 2*w**3 + 12 - 10 + 0. What is g(u)?
6
Let z = 2 + -1. Let o be (-7 - -1 - -1) + z. Let q(v) = 5*v - 6. Let b(t) = -9*t + 11. Let m(s) = o*b(s) - 7*q(s). Determine m(3).
1
Let t(k) = -5*k**3. Let u(y) = y**3 + y**2 - y + 1. Suppose -2 + 11 = -4*i - o, 0 = 2*i + 2*o + 6. Let j be u(i). Give t(j).
5
Suppose 5 = -u, 3*i - 25 = -i + u. Let z(k) be the third derivative of 5/6*k**3 - 1/24*k**4 + 0*k - 3*k**2 + 0. Give z(i).
0
Let j(y) = y + 9. Let k be (6/15)/(1/(-10)). What is j(k)?
5
Let g(u) = -6*u + 32. Let z(t) = -2*t + 11. Let w(x) = -5*g(x) + 14*z(x). Let i be w(4). Let d(y) = i + 8*y + 1 - 2 + 0. Determine d(-1).
-7
Let b be (-1)/(1 - 9/6). Let i(s) = 4*s + s**2 - 6*s + 0*s**b + 4. Suppose h - 7 = 3*z - 3*h, -3*z = 2*h - 17. Calculate i(z).
7
Let y(g) = g + 1. Let p(c) = c - 16. Let m(x) = p(x) + 4*y(x). Let n(i) = i - 3. Let l(a) = -2*m(a) + 9*n(a). Calculate l(-4).
1
Suppose 5*l + 70 - 245 = 0. Let f(s) = -37 - 2*s + l + s. Determine f(0).
-2
Let o be 2/(1*2/4). Let x = -3 + 5. Let h(m) = 3 + m**2 + 4 + 0*m**x - 8*m - 3. Calculate h(o).
-12
Suppose 0 = 2*k - 7*k. Suppose 5*s + k - 3 = 3*z, -5*z + 29 = 3*s. Let b(t) = 3*t**3 - 3*t**s - t**3 + 7*t**2 + 1 + 7*t + 2*t**3. Determine b(-6).
-5
Let c(g) be the first derivative of -g**4/4 - 7*g**3/3 + 3*g**2 - 4*g + 9. Determine c(-8).
12
Suppose -12 = 3*n + n. Let h(q) = q**2 + 4*q. Determine h(n).
-3
Let c(p) = -5 + 2*p + 9 - 6*p. Let s(b) = -3*b + 5. Let n(a) = -2*c(a) + 3*s(a). Give n(6).
1
Let o(c) = 48*c**3 - 3*c**2 - 4 + 2 - 49*c**3 - 4*c. What is o(-2)?
2
Let p(z) be the second derivative of z**4/6 - z**3/3 - z**2/2 + z + 11. Determine p(-1).
3
Let x(q) = 3*q + 8. Let v(m) = -16*m - 41. Let j(f) = -2*v(f) - 11*x(f). Determine j(-6).
0
Let h(i) be the third derivative of -i**4/12 - 5*i**3/6 + 34*i**2. Give h(5).
-15
Let u(j) = -5*j**3 - j**2 + 5*j + 3. Let g(p) = -p**3 + p + 1. Let b(s) = 4*g(s) - u(s). Let d(x) = -x - 1. Let f be d(-1). Calculate b(f).
1
Let o be (-57)/9 - 3/(-9). Let m(l) = l**3 + 5*l**2 - 6*l - 5. Calculate m(o).
-5
Let d(m) = -m**2 - 7*m**2 - 1 + 2*m**2. Determine d(1).
-7
Let p = -86 + 92. Let u(a) = 3*a - 2. What is u(p)?
16
Let w(u) = -3*u - 3. Let a(g) = -g**2 - 8*g - 3. Let k be a(-8). What is w(k)?
6
Let f(s) = 1 - s - 7 - 4. Let a = 11 - 11. Determine f(a).
-10
Let t = -7 - -10. Let c be (t/(-5))/((-1)/5). Let v(f) = 0*f**2 + 1 - 2*f**3 + 0*f**2 + 5*f**2 - 4*f + f**3. Give v(c).
7
Let d(g) = g**2 - 10*g + 22. Let m be d(5). Let k(w) = w + 5. What is k(m)?
2
Let b(y) = -2*y**3 + y**2 + y - 1. Suppose -5*v = -3*a + 2, 5*v - 2*a + 4 = 1. Let n be (-6)/(-9) + v/(-3). Let m be (0 - 3/(-3))*n. Determine b(m).
-1
Let k(f) be the third derivative of -f**6/360 + f**5/24 + 5*f**4/24 - 7*f**3/6 - 7*f**2. Let r(a) be the first derivative of k(a). Determine r(5).
5
Let b(u) = u - 8. Let p(a) = a - 9. Let q(r) = -4*b(r) + 3*p(r). Suppose 4*k + 3*l - 9 = 15, -2*l + 11 = k. Give q(k).
2
Suppose -3*v = -4*n - 26, 4 + 4 = -4*n. Let y(j) = -j**3 + 7*j**2 - 7*j - 6. Calculate y(v).
-12
Let a be 52/(-12) - 2/3. Let f(b) = 2*b - 3. Give f(a).
-13
Suppose 0 = -p + 2*a - 1, 0*p - 2*a + 11 = -3*p. Let q(l) = -l**2 + 2. Calculate q(p).
-23
Let h(g) = -g**2 - 5*g. Let c(u) = -2*u - 7. Let j be c(-8). Suppose -p = 3*a - 5 - 0, -p - j = -4*a. Let l be 6/(0 - 3/a). Give h(l).
4
Let d(q) be the first derivative of -8*q**2 + q + 2. Let c(m) be the third derivative of -m**4/8 + m**2. Let n(o) = 11*c(o) - 2*d(o). Give n(0).
-2
Let q(o) = -16*o**2 + 8*o - 5. Let p(f) = -4*f**2 + 2*f - 1. Let j(b) = -9*p(b) + 2*q(b). Give j(-1).
5
Let c = -31 + 20. Let u = c + 8. Let d(j) = 2*j. Give d(u).
-6
Let t(f) = 4*f + 6. Let r(v) = -v + 4*v + v. Let p(s) = -s**2 - 9*s - 9. Let o be p(-8). Let g be r(o). Determine t(g).
-10
Let h(x) = -x**2 + 7*x - 5. Let j be 14/(-2) - (2 + -3). Let b be (-144)/(-14) - (-2)/(-7). Let w = j + b. Determine h(w).
7
Let v be (-3 - -2)/((-1)/5). Let g(d) = -1 + d**3 + 0*d + 4*d - 6*d**2 - 4. Calculate g(v).
-10
Let w(q) = -4*q**3 - 3*q**2 + 6*q + 3. Let h(a) = a**3 + a**2 - a - 1. Let c(r) = 5*h(r) + w(r). Calculate c(-2).
-4
Let l(x) be the third derivative of -x**7/5040 + x**6/360 + x**5/60 + 6*x**2. Let c(v) be the third derivative of l(v). Give c(3).
-1
Let v(f) = -f + 2*f - 2*f - f. Determine v(1).
-2
Let h(i) = 2*i**2 + i + 1 - 17*i**2 + i**3 + 14*i**2. What is h(-1)?
-2
Let g(b) be the third derivative of b**6/120 + b**5/10 + b**4/12 - 4*b**2. Calculate g(-5).
15
Let r(y) = -3*y**3 - 2*y**2 - y. Let k be 2/(3 + -1) - 2. Let b be r(k). Let t(w) = -5 + w + 5 + b